f?
41
Let i = -28 - -83. Let k = 549 - 582. Let b = i + k. List the prime factors of b.
2, 11
Let s = -73 + 219. List the prime factors of s.
2, 73
Let t(p) = p**3 - 3*p**2 + p - 7. Let h = -11 - -16. List the prime factors of t(h).
2, 3
Suppose -37*d + 35*d - 62 = 0. Let z = 109 + d. List the prime factors of z.
2, 3, 13
Suppose 3*r = 193*x - 189*x + 13273, 5*r + 4*x = 22175. What are the prime factors of r?
3, 7, 211
Let m(n) = 9*n - 31. Let k be m(4). Suppose -5*s + 817 = -4*b, -k*b = 2*s + 2*s - 670. What are the prime factors of s?
3, 5, 11
Let d = 3589 - 2071. What are the prime factors of d?
2, 3, 11, 23
Suppose 5*l + 0*l - 15 = 0. Let c = l - 3. Suppose p - 6 - 4 = c. What are the prime factors of p?
2, 5
Let d(n) = -n**2 - 2*n + 49. Let g(h) = -h**3 - 12*h**2 - 12*h - 11. Let t be g(-11). What are the prime factors of d(t)?
7
Suppose 21*l + 3840 = 25974. List the prime factors of l.
2, 17, 31
Let u(w) = 2*w**2 + 13*w + 9. Let q be u(-6). Suppose -3*h - 5 = 2*t - 19, -q*h + t = -2. What are the prime factors of (-3 + -48)/((-3)/h)?
2, 17
Suppose 0 = -2*i - 132 + 348. Suppose 0 = -22*f + 19*f - i. Let p = 84 + f. List the prime factors of p.
2, 3
Suppose -284 = -3*o + 4*f, -5*o + 381 = -o - 3*f. Suppose 3*c + c = o. List the prime factors of c.
2, 3
Let p(c) be the first derivative of c**4/4 - c**3/2 - c**2 + 8*c + 3. Let i(j) be the first derivative of p(j). What are the prime factors of i(3)?
2
List the prime factors of (663/21 - -3)/((-2)/(-14)).
2, 11
Let g(x) = 6*x + 1. Let v be g(3). Let n = 21 - v. Suppose 151 = 3*u - 5*t, 0 = n*u + 4*t - 7*t - 102. What are the prime factors of u?
3, 19
What are the prime factors of (-4)/14 - (-5 - (-12412)/(-28))?
2, 7
Let a be (-2)/8*-4 - -38. Let m = 64 - a. What are the prime factors of m?
5
Let m(j) = j**2 + 3*j. Let p be m(-3). Suppose 4*h - 328 = 5*u + 192, -4*h + 4*u + 520 = p. What are the prime factors of h?
2, 5, 13
Let o = 220 + 44. Let l(i) = -6*i**3 + i**2 + i. Let s be l(-1). Suppose 0*z + o = s*z. What are the prime factors of z?
2, 11
Let n(z) be the first derivative of -7*z**2/2 - 6*z + 3. Suppose v = 5*p - 23, 5*v - 3*p + 28 = 1. List the prime factors of n(v).
3, 5
Suppose 4*l + h = -3*h - 288, 0 = 4*l - 2*h + 288. Let b = l - -138. What are the prime factors of b?
2, 3, 11
Let p(t) = -11*t**2 + 24*t - 4 - 4*t + 13*t**2. What are the prime factors of p(5)?
2, 73
Suppose 99*r + 853 = 100*r. What are the prime factors of r?
853
Let j(h) = h + 11. Let u be j(-9). Suppose -u*m + 0 = -6. List the prime factors of 63/14*4/m.
2, 3
Suppose 0 = g, o = 6*o + 2*g - 345. Let n = -239 + 286. Let z = o - n. List the prime factors of z.
2, 11
Suppose -30323 = -33*s + 21553. What are the prime factors of s?
2, 3, 131
Suppose 933 - 317 = -4*v. Let s be (-6)/10 - v/(-35). List the prime factors of (-2)/10 + (-206)/s.
41
Suppose -25*j - 2*x = -24*j - 2738, -5 = 5*x. List the prime factors of j.
2, 5, 137
Let q = 146 + -52. Let y = q - 84. List the prime factors of y.
2, 5
Let v = 81 - 74. Suppose v*d - 184 = 6*d. What are the prime factors of d?
2, 23
Let y = 443 + -47. Let j = 573 - y. What are the prime factors of j?
3, 59
Suppose 0 = 4*q + 5*b - 6*b - 19, 1 = -2*q - 3*b. Suppose -x - 2*w = -238, 3*x + 5*w + 0*w = 717. Suppose q*c = -0*c + x. What are the prime factors of c?
61
Suppose 0 = 4*x - 5*r - 12492, 4*x + 0*r = r + 12492. What are the prime factors of x?
3, 347
Let d = -4 + 14. Let o(v) be the second derivative of -v**5/20 + 11*v**4/12 - 5*v**3/6 - 13*v**2/2 + 8*v - 1. List the prime factors of o(d).
37
Let v(z) = 36*z + 38. Suppose 0*q = -5*t + 2*q + 22, 0 = 2*t - 4*q + 4. List the prime factors of v(t).
2, 127
Let g(o) = 3*o**2 - 7. Let l(i) = -i**2 + i. Suppose -9*j = -6*j + 2*z - 4, 4*z + 2 = -j. Let v(y) = j*l(y) + g(y). List the prime factors of v(-6).
17
Suppose 4*h = 1392 - 184. List the prime factors of h.
2, 151
Let m(j) be the first derivative of -j + 0*j**2 + 26/3*j**3 + 3. What are the prime factors of m(1)?
5
Let w = -8712 - -14331. What are the prime factors of w?
3, 1873
Let s(z) = 71*z**2 + 74*z - 5. List the prime factors of s(-4).
5, 167
Suppose 5*x - 1847 = v + 4530, -5*x + 6369 = 3*v. What are the prime factors of x?
3, 5, 17
Let r = -5 - -9. Let i(l) = -4 - l**2 + r - 43*l + 31*l. What are the prime factors of i(-9)?
3
Let c be 26/5 + 2*(-3)/30. Suppose 2*o - 202 = 2*f, -c*o + 3*f + 507 = -0*o. What are the prime factors of o?
2, 3, 17
Suppose -3*h + 4*q = -2162, -q = 4*h - 2363 - 507. What are the prime factors of h?
2, 359
Let m be 2 + -1 - (6 - 3). Let h be m*(-2 + 279/(-6)). Suppose -5*f = -262 + h. List the prime factors of f.
3, 11
Let g(z) = -z**3 + 17*z**2 - 4*z + 30. What are the prime factors of g(9)?
2, 3, 107
Let v(o) = -117*o + 107. List the prime factors of v(-5).
2, 173
Let z(g) = -3*g**2 + 3*g + 38. Let a(k) = -13*k**2 + 12*k + 153. Let r(s) = -2*a(s) + 9*z(s). What are the prime factors of r(0)?
2, 3
Suppose -16 = c - 3*a, -2*a - 3*a + 10 = -c. Let k = 12 - c. List the prime factors of k.
37
Suppose 2*d - 10 = -0*d - 4*u, -u + 4 = -d. Let i be 30*(3/(-9) - d). Let t = i - -3. What are the prime factors of t?
23
Suppose 0 = 103*b - 76*b - 59265. List the prime factors of b.
5, 439
Suppose 9*v = -0*v + 5328. What are the prime factors of v?
2, 37
Let t be 24/(-2)*1*4/8. Let g(f) = -13*f - 1. List the prime factors of g(t).
7, 11
Let x(b) = 6*b + 6. Let a(l) = -7*l - 7. Let w(f) = -15*f - 15. Let q(u) = 13*a(u) - 6*w(u). Let d(r) = 4*q(r) + x(r). List the prime factors of d(6).
2, 7
Let o be -7*(-28)/(-882) - 4/(-18). Suppose s = 2*s + 5*w + 22, -5*s - 2*w = -5. What are the prime factors of (o - (-4 - s)) + 1?
2
Let z = -215 - -350. Suppose 2*b + 2*b - 132 = -4*r, -5*b = 4*r - z. Suppose 0 = 3*a - v - 22 - 5, r = 3*a - 2*v. What are the prime factors of a?
2
Suppose 0 = -4*o + 5 + 11, 0 = -5*g + 2*o - 143. Suppose 6*s - 4*s - 5*h = 63, -h = -5*s + 192. Let z = s + g. What are the prime factors of z?
2, 3
Let k = 0 + -4. Let s(a) = 2*a**2. Let j be s(k). Suppose 0 = -4*d - j + 96. List the prime factors of d.
2
Let b be (9 - -1) + (2 - (-3 - -2)). Suppose -b*g + 458 = -11*g. List the prime factors of g.
229
Let p(y) = -y**3 - 8*y**2 + 14*y + 15. Let q be p(-7). Let r = 244 + q. List the prime factors of r.
2, 7
Let t be (3/(-6))/((-3)/(-12)*-2). What are the prime factors of -3 + 3 - (t - 51)?
2, 5
Let a(c) = 3*c**2 - 2*c - 21. Let m be a(9). What are the prime factors of -3 + -4 + 5 + m?
2, 101
Let t = -22 + 25. Suppose t = b + 1. Suppose -o = b*i - 32, 5*o = i + 66 + 83. What are the prime factors of o?
2, 3, 5
Suppose 0*b - 390 = -3*b. Let x = -24 + b. List the prime factors of x.
2, 53
Let d = 272 - 265. What are the prime factors of d?
7
Let q(c) = -c**3 + 3*c**2 + 7*c + 15. What are the prime factors of q(-7)?
2, 3, 19
Suppose -12*i - 2308 = -8488. List the prime factors of i.
5, 103
Let d(h) = -5*h**3 - 15*h**2 + 6*h - 23. List the prime factors of d(-7).
3, 5, 61
Let p(y) = -20*y + 1. Let t(o) = -20*o. Let a(w) = -2*p(w) + 3*t(w). List the prime factors of a(-2).
2, 19
Let h(w) = 4*w**2 - 24*w + 83. List the prime factors of h(8).
3, 7
Let y = 103 - 152. Let x = y + 85. Suppose -x = -6*c + 36. List the prime factors of c.
2, 3
Suppose -426 = 8*g - 9978. List the prime factors of g.
2, 3, 199
Let i = 507 - 806. Let b = 455 + i. What are the prime factors of b?
2, 3, 13
Let j be (-1)/((-10)/4 + 2). Suppose -153 = -5*n - 3*q, j*q - 50 = -2*n - 2*q. List the prime factors of n.
3, 11
Let d(p) = 41*p**2 - 22*p + 51. What are the prime factors of d(5)?
2, 3, 7, 23
Let a = 55 + 68. List the prime factors of a.
3, 41
Let u = 383 - -1269. What are the prime factors of u?
2, 7, 59
Suppose -s = 4*o - 22, -7*o + 3*s + 19 = -2*o. Suppose -o*z + 9 = -g + 97, 0 = 5*g + 3*z - 524. What are the prime factors of g?
103
Suppose 9*g + 47 = 10*g. Let r = -27 + g. Let a = r - 4. List the prime factors of a.
2
Suppose 2*g = -3*g. Let r(c) = c**3 - c + 52. Let q be r(g). Suppose -5*u + 167 = q. What are the prime factors of u?
23
Let g(u) = 2*u**2 - 8*u + 4. Let x be 1/(2 - (-9)/(-3)). Let s be (0 - x) + (1 - -5). What are the prime factors of g(s)?
2, 23
Let s(j) = 24 - 21 - j**3 + 3*j**2 + 3*j**3 - j**3. Let b be s(-3). Let m = 1 + b. List the prime factors